t is the greatest common divisor of u and g?
6
Suppose 2*g - 3*i - 35 = 0, -4*g - 4*i - 5 + 45 = 0. Suppose -g*h = -3*h - 1400. What is the greatest common factor of h and 20?
20
Let g be (-7 + 2)/((-6)/438). What is the highest common factor of 5 and g?
5
Let a be 1932/51 - (-20)/170. Calculate the highest common divisor of a and 2.
2
Let m(i) = 2*i**3 + 2*i**2 - 2*i + 2. Let p be m(1). What is the greatest common divisor of p and 10?
2
Suppose 31*q = 26*q + 285. Calculate the greatest common factor of 399 and q.
57
Let u = 15 + -9. Suppose 0 = x - u - 4. Suppose -34*z + 389 - 49 = 0. Calculate the highest common divisor of z and x.
10
Let m be 6*1*-44*(-7)/28. Calculate the highest common factor of m and 12.
6
Let s be 3/((12/(-8))/3). Let n(d) = d**3 + 7*d**2 + 7*d - 4. Let b be n(s). Let a = b - -14. What is the highest common factor of 2 and a?
2
Suppose -96 = s - 2*s + 3*k, -2*s = 3*k - 156. Let i be (-30)/(-20)*(-24)/(-3). What is the highest common factor of s and i?
12
Let v = 234 + -154. Suppose 0 = -4*u + 2*u + v. Suppose -100 = -2*y - 3*y - 4*h, 0 = y + 5*h - 41. What is the highest common factor of y and u?
8
Let o(b) = -9*b - 50. Let z be o(-7). Let k = z - 9. What is the highest common factor of k and 1?
1
Suppose w + 4*m = 535, -4*m = -5*w + 801 + 1778. Let k be (w/(-12) - -2)*-4. Let n = -14 + 29. What is the highest common factor of k and n?
15
Suppose -48 = -0*x - x + 4*g, x = 3*g + 46. Calculate the greatest common factor of 90 and x.
10
Let q(w) = -10*w**2 + 12*w**2 + 9 + 1 - 9*w. Let y be q(5). What is the greatest common factor of 105 and y?
15
Suppose 0 = 17*b + 137 - 4982. Calculate the highest common divisor of 38 and b.
19
Let g(t) = t**2 - 12*t + 8. Let i be g(12). Suppose 4*a = -m + 17, 0 = 2*m + 2*m + a - 8. What is the highest common factor of m and i?
1
Let a(x) = 4*x**2 + 286*x + 165. Let y be a(-71). Let l = -4 - -27. Calculate the greatest common divisor of l and y.
23
Let y = -175 - -209. What is the highest common factor of 68 and y?
34
Let g = 50 - -20. What is the greatest common factor of g and 770?
70
Suppose -455*y - 90 = -460*y. Suppose -19 = -g + 5*i, 0 = 4*i + i - 5. Calculate the greatest common divisor of g and y.
6
Let x = 150 - 74. Suppose -f = -2, -b - 2*f + x = 3*b. What is the greatest common divisor of 162 and b?
18
Let h(d) = 9*d**2 + 16*d - 4. Let o be h(2). What is the greatest common divisor of o and 832?
64
Let b = -5257 + 5271. Suppose 0*q + 210 = 3*q. What is the highest common factor of b and q?
14
Suppose 111*z - 115*z = -16. What is the greatest common divisor of z and 12?
4
Suppose -3*x + 19 = 4*m, 3*m - 5*m + 17 = 3*x. Let w be (4/(-6))/(4/(-330)). Calculate the highest common factor of x and w.
5
Let u(p) be the third derivative of p**4/12 - p**3 - 6*p**2. Let b be u(8). Calculate the greatest common divisor of b and 30.
10
Let y be 8/(-10)*((-22)/4 - -8). Let r be ((-42)/(-4))/7 - 101/y. What is the greatest common divisor of r and 104?
52
Let s = 2120 + -2112. Calculate the highest common factor of s and 68.
4
Let t = 377 + 28. Calculate the greatest common factor of 324 and t.
81
Let g(f) = 2*f + 14. Let d be g(-6). Suppose 158 = d*k - 302. What is the highest common divisor of k and 46?
46
Let v be (-1 - -5)/(-2) - -9. Suppose 5*b - 77 - 28 = 0. Calculate the greatest common divisor of v and b.
7
Let n be ((-1)/3)/(284/(-7668)). Let f(x) = -x**3 - 4*x**2 - x - 3. Let o be f(-4). What is the highest common divisor of o and n?
1
Let b(v) = -14*v + 14. Let l be b(7). Let w = 118 + l. Calculate the greatest common factor of 34 and w.
34
Let j = -1697 + 3341. What is the greatest common divisor of j and 12?
12
Suppose 1 = -l + 4. Suppose 3*u - 428 = -4*m, 0 = -3*m + 4*m - l*u - 122. What is the greatest common factor of 22 and m?
22
Suppose -r + 4 = -0*r, -3*t - 4*r + 772 = 0. Calculate the highest common factor of t and 180.
36
Let o(a) = a**2 - 3*a. Let n be o(3). Let k be (-1 + n)/(1/(-3)). Let d(t) = -3*t - 18. Let r be d(-8). What is the greatest common divisor of k and r?
3
Suppose -h + 3*k = -k - 66, -25 = 5*k. Let z = -29 + h. Suppose -4*m + r + 749 = 0, 0*r - 4*r - 4 = 0. What is the highest common divisor of z and m?
17
Suppose -2*n + 34 = 4*m, -n - m - 5 = -18. Let s be -53 + 1 - 6/6. Let u = s + 98. Calculate the highest common divisor of n and u.
9
Let t be (-80)/(-140) + 21715/35. What is the highest common factor of t and 81?
27
Suppose 7*o = 8*o - 5*q - 62, 3*o - 174 = 3*q. What is the greatest common divisor of o and 19?
19
Let t(d) = 32*d**2 + 18*d + 22. Let x be t(-3). Calculate the highest common factor of x and 16.
16
Let c(f) = -f + 7. Let b be c(11). Suppose q + 2*u = -14, -2*q + 9 - 35 = 5*u. Let h be (q/(-27))/(b/(-78)). Calculate the greatest common factor of h and 26.
13
Let o be 1 + (-14)/7 + 19. Calculate the greatest common factor of o and 216.
18
Suppose -8 = -2*p - 0. Suppose 7 = -x - 0*x - p*y, -4*x - 3*y = 2. Suppose 3*k - 50 = -5*c, -x = c - 2. What is the greatest common factor of k and 60?
15
Let z = 1037 + -995. Calculate the highest common factor of 168 and z.
42
Let v = 11 - 11. Suppose 3*q - 34 = -5*c, 26 = -v*c + 4*c + 2*q. Suppose -c*d = 15 - 90. Calculate the highest common divisor of 120 and d.
15
Let t = -824 + 974. Suppose -b + 100 = b. Calculate the highest common divisor of b and t.
50
Let l be 36/(-6)*26/(-3). Let n be 18/(-12) + (-29)/(-2). Calculate the greatest common divisor of n and l.
13
Let o be 7 + 440 + (0 - -3). Calculate the highest common divisor of o and 50.
50
Suppose -5*m - 9 = 21. Let v be (2/m)/(2/66). Let u = -9 - v. What is the highest common divisor of 14 and u?
2
Let r(i) = -5*i - 4. Let p be r(-4). Suppose -3*g - 90 = -9*g. Suppose 351 = g*t - 249. Calculate the greatest common divisor of t and p.
8
Let v(m) = -m**2 + 6*m - 4. Let k be (4/(-12))/((-1)/9). Let z be v(k). Suppose 0 = -8*n + z*n + 96. Calculate the greatest common divisor of 96 and n.
32
Suppose 2*g + 11 = -x + 27, 2*x - 14 = 5*g. Let f(u) = 16*u**2 - 15*u - 57. Let v be f(-3). What is the highest common divisor of v and x?
12
Suppose 63*m - 7580 - 9808 = 0. What is the greatest common divisor of m and 345?
69
Let i = -1 - -11. Suppose -w = -5*a + 10, -3*a + 5*w - 7 - 9 = 0. Suppose d - a*d = -i. Calculate the greatest common factor of 2 and d.
1
Let i be 18*((-4)/16 + 111/12). Calculate the highest common divisor of i and 18.
18
Suppose -86*t = -83*t - 264. What is the highest common divisor of 16 and t?
8
Let x(l) = 2*l**2 + 21*l + 22. Let h be x(-11). What is the greatest common divisor of 22 and h?
11
Let f be (2/(-6))/(11/(-66)). Suppose 3*k + 2*j = 22, -4*k + f*j + 2 = -k. Suppose -80 = -9*d + k*d. Calculate the greatest common factor of 4 and d.
4
Let m be 49 - (-6 - 21/(-3)). What is the greatest common factor of 3 and m?
3
Suppose 6*s + j - 814 = 3*s, -5*j = -s + 298. Calculate the highest common factor of s and 26.
13
Let h = 45 - 31. Let f be 3/(-6) - (-10)/4. Suppose 2*s = f*t + 192, 4*t + t = s - 88. What is the greatest common divisor of h and s?
14
Let v be 10 + (-6 - (-2 + 4)). Calculate the greatest common divisor of v and 64.
2
Suppose -4*p + 2*t = -p + 6, -4*p + 3*t - 8 = 0. Let y be 1 - (-4)/p - -3. Calculate the greatest common factor of 8 and y.
2
Suppose 0 = 13*o - 726 - 1731. Suppose 2*d - 55 = -j, -d = j + 3*j - 31. What is the highest common factor of d and o?
27
Let t(m) = -m**3 - 3*m**2 - m - 4. Let p be t(-4). Calculate the greatest common factor of 576 and p.
16
Suppose 66 = 4*o - 86. Suppose -5*m - 213 = -6*l + 4*l, 3*l + m = 345. What is the highest common factor of l and o?
38
Suppose 27*a = 102 + 1518. Let c be 2/6 - (-132)/9. Calculate the highest common factor of a and c.
15
Suppose 0 = -27*i - 299 + 1595. Suppose 92 = 4*v - 36. What is the greatest common divisor of v and i?
16
Let b = -3 - -3. Suppose 39 = 3*g - b*g. Suppose 3*w = 2*d + 31, -2*d = -5*w + 66 - 9. What is the highest common divisor of w and g?
13
Let x be ((-6)/(-9))/(2/6). Let m(d) = 10*d**2 - d - 8 + 6*d**x - 15*d**2. Let n be m(6). Calculate the highest common factor of 2 and n.
2
Let k(t) = 1930 - t + 4*t - 1928. Let w be 3 - 0/2 - 0. Let v be k(w). What is the greatest common factor of v and 11?
11
Suppose 5*k = -5*f + 835, 202 = -3*